osite number?
False
Let u = 7 + 1. Suppose 0*f = -4*f + u. Is 337/(-2)*-1*f prime?
True
Suppose -2*m - 441 = -5*m. Suppose -4*b - 179 = l, -3*b - m = l + 4*l. Is 31/(1*(-4)/b) composite?
True
Let r(a) = 18*a**2 + 3*a + 4. Let w(o) = o**3 - 4*o**2 + 2*o - 3. Let b be w(4). Suppose -b*p - 3 = 12. Is r(p) a composite number?
False
Suppose -3*p = -2*p - 3. Suppose -p*j = -3891 + 1239. Let y = j - 589. Is y prime?
False
Let w = -1038 + 1465. Let s = w + 16. Is s prime?
True
Is 13/((-5 + 6)/107) composite?
True
Let o(w) = -3*w**3 - 10*w**2 - 9*w - 6. Let z be o(-10). Suppose z = d - 4419. Is d composite?
True
Suppose -8*q - 9 = -11*q. Suppose 3*x - 1596 = 4*s + 381, x - 664 = q*s. Is x composite?
True
Suppose 2*j - 27494 = -4*i, -3*j + 2*i + 2783 = -38426. Is j a composite number?
True
Let m(i) = 2*i**2 - 7*i - 12. Let p(g) = g**2 - 8*g - 13. Let q(b) = 3*m(b) - 4*p(b). Suppose 43 = 5*n - 3*r, 2 = -n + 2*r + 5. Is q(n) prime?
True
Suppose 0 = 5*c - 0*r + r - 4377, -3*c + 2629 = 2*r. Let w = c - 576. Is w a composite number?
True
Let z(w) = w**3 - 4*w**2 + 3*w - 3. Is z(11) prime?
True
Let c(l) = -l**3 - 5*l**2 - 2*l + 3. Let v be c(-4). Let s be 137/5 + 2/v. Suppose 2*j - 24 - 19 = 5*w, -5*w = 3*j - s. Is j prime?
False
Let c = -491 - -818. Is c composite?
True
Let y(t) = -2 + 53*t + 9*t**2 - 27*t**2 + 16*t**2. Is y(24) a prime number?
False
Suppose w + 416 = -2572. Let j = 5147 + w. Is j a prime number?
False
Let u = -13 + 10. Let s(f) = -15*f**3 + 4*f**2 + 3*f - 4. Let o be s(u). Let w = -301 + o. Is w a composite number?
False
Let z(t) = 2*t**3 + 21*t**2 - 11*t - 18. Let a(g) = -3*g**3 - 32*g**2 + 17*g + 27. Let o(y) = -5*a(y) - 8*z(y). Is o(-11) a prime number?
False
Suppose -3*p + 3*d = 3, 2 + 4 = -2*d. Let a(h) = -4*h**3 + 9*h**2 + 3*h + 5 - 18*h**2 + 11*h**2 - 2*h**3. Is a(p) a composite number?
False
Suppose 3*t = 14 - 2. Suppose 2*r - r = t*i + 15, 2*r = -2*i. Suppose 2*l + r*l = 545. Is l prime?
True
Let m(q) = q**2 + 18*q + 13. Let t be m(-18). Suppose t*u - 4749 = 10*u. Is u a composite number?
False
Let y(j) = -83*j**3 + 4*j**2 - 6*j - 17. Is y(-4) a prime number?
False
Let i(g) = 8*g**3 + 8*g**2 + 4*g - 3. Let j be i(-5). Let f = -161 - j. Is f prime?
False
Let n(g) = g**3 + 38*g**2 + 3*g - 45. Is n(-16) a prime number?
False
Let n(b) = b**3 + 17*b**2 + 13*b - 15. Is n(-16) a composite number?
True
Let x be (159/(-1))/(2/12). Let c = x + 2165. Is c a composite number?
True
Let s(u) = -5*u**2 + 2*u + 3. Let w be s(-1). Let t(h) = -2*h - 3. Let m be t(w). Let q(z) = 6*z**2 + 2*z + 3. Is q(m) a prime number?
True
Let q(f) = f**3 + 18*f**2 - 36*f - 6. Is q(-19) composite?
False
Suppose -3909 = -q + 2*q - 4*a, -5*a - 19495 = 5*q. Let w = 6606 + q. Is w a composite number?
True
Suppose 0*z = z - 5. Let o = -353 - -704. Suppose -z*b + 1769 = 2*i, -4*b = -3*b - i - o. Is b a prime number?
True
Let b be 407/(-3) + 2/(-6). Let m = 307 + b. Suppose -p + 4*h + 175 = 0, -7*h = -p - 2*h + m. Is p a composite number?
False
Let f = -11 + 15. Suppose -f*d + 169 = -483. Is d a composite number?
False
Let l be (21/9 - 2)*0. Suppose 0 = i - l*i - 79. Suppose -2*n - 3*m = -11, -5*n + i = -m + 26. Is n a prime number?
False
Let j(g) be the second derivative of 1/6*g**3 + 1/12*g**4 - 127/4*g**5 + 0*g**2 - 3*g + 0. Is j(-1) a composite number?
True
Suppose -8*y = -1216 - 1328. Suppose r = 5*w - 3*r - 36, -3*w = -r - 16. Suppose b = w*b - y. Is b composite?
True
Let i be (-775)/(-3) + (-2)/(-3). Let c = 63 - i. Is (-2 - c)*3/6 a prime number?
True
Let d be (8/12)/(6/(-9)). Let r(h) = -3*h**3 - 2*h**2 - h. Let b be r(d). Suppose p + b*p = 231. Is p a prime number?
False
Let z = 6 - -17. Suppose -2*g = m + 3 - 14, 0 = -4*m - g + z. Suppose 3*k + 45 = 2*f, m*f - 2*k = -16 + 123. Is f composite?
True
Suppose -5*m = 10, 4*z + 0*z = -4*m. Let x(j) = z*j**2 + 0 + 2 - 2*j + j**2 + 0*j**2. Is x(-15) composite?
True
Let d(u) = 3574*u + 559. Is d(5) composite?
True
Suppose -6 = -5*w + 9. Suppose -3*j = -2*j - w. Suppose 5*v = -3*d + 383, -2*v - j*d + 142 = d. Is v prime?
True
Let y(l) = 22*l**3 + l**2 - 3. Let i = -86 - -88. Is y(i) composite?
True
Let h(x) = -x**2 + 1. Let f be h(4). Let m be f/(-35) - 9514/(-14). Let t = m + -477. Is t prime?
False
Suppose 56*m + 36*m = 3361772. Is m prime?
True
Let b(q) = 8*q**2 - 8*q + 38. Let t(x) = -3*x**3 - 4*x**2 - 5*x - 6. Let v be t(-2). Is b(v) a prime number?
False
Let u = 53751 + -37568. Is u a composite number?
False
Let u = -18 + 18. Is u + -159*95/(-15) a prime number?
False
Let d = -6 - -14. Suppose 4*f + d = -4*j - 0, 5*j = -4*f - 8. Is (-10)/20*1348/f composite?
False
Is ((-17)/(-34))/((-1)/(-10078)) composite?
False
Let b(m) = -4*m - 3. Let j(w) = -13*w - 10. Let l(o) = 7*b(o) - 2*j(o). Let v be l(-2). Suppose -v*h = -8*h + 925. Is h a prime number?
False
Let x be 36/6*(-626)/(-4). Let w = -272 + x. Is w prime?
False
Let g(k) = -8365*k + 11 + 8365*k - 90*k**3. Is g(-4) a prime number?
False
Suppose -3*b - 3166 = 7136. Let r = b + 4815. Is r a composite number?
False
Let f(v) = v**2 + 6*v + 5. Let l be f(-5). Suppose -2*c = 5*m - 1008, -m - 996 = -2*c - l*m. Is c prime?
True
Suppose 82 = m - 34. Suppose -m = -5*w + w. Let x = 240 - w. Is x composite?
False
Let m be 2884/18 + (-26)/117. Let z = m + 577. Suppose -4*r - 976 = -4*f, -3*f = -0*f - 2*r - z. Is f a prime number?
False
Let v(d) = 706*d + 10. Let j be v(3). Let i = j - 1443. Is i a composite number?
True
Let z(g) = -g**2 + 5*g - 7. Let a be z(4). Let h(t) = 3*t + 7. Let w be h(a). Is 2 + (38 + w)/4 a prime number?
True
Let i(z) = -2*z**2 - 6*z**2 - 1 - 2*z**3 + z**2 - 5*z - 2. Is i(-5) a prime number?
True
Let d be (-3)/(-2)*16/24. Let k be -3*2/6 + d. Is k - (-43 + 4) - 2 composite?
False
Let f = -605 + 3062. Let m = f - 1135. Suppose -4*a - u + m = -0*u, -3*u = 3*a - 987. Is a a composite number?
False
Let k(n) = -n**2 - 6*n + 10. Let j be k(-8). Is j/10 + 173*1/5 prime?
False
Let w(d) = -d + 13. Let j = -10 - -20. Let k be w(j). Suppose -2*a - k*a = -545. Is a composite?
False
Let k = 653 + -33. Let f = k + -1034. Is f/(-22) + 18/99 a prime number?
True
Let k(x) = x**2 + 12*x + 118. Is k(-9) a composite number?
True
Suppose -11*b + 298665 = 34*b. Is b a composite number?
False
Suppose 4*d - 16 = 0, -5*q - 6*d + 2399 = -5*d. Is q composite?
False
Suppose -j + 3*j = 10. Suppose -w + 0*p = -2*p - 8, -j*w = 5*p - 25. Suppose -805 = -w*o + o. Is o composite?
True
Let i(j) = j**3 + 4*j**2 + 2*j - 3. Let c be i(-3). Let s(l) = l**2 - l. Let a be s(c). Suppose 0*k - k + 146 = a. Is k a composite number?
True
Let p(j) = j**2 + 2*j**2 + j + 6*j**3 - j**2 + 3 - 4*j. Let v be 1/(2*3/12). Is p(v) a composite number?
False
Suppose 35*x = -472 + 236337. Is x composite?
True
Is (-328312)/(-20)*-1*(-25)/10 prime?
True
Suppose 3026 = 3*g - 5*y, -5*g + 1656 + 3382 = -3*y. Is g a prime number?
False
Suppose -6*u = 511 - 3901. Suppose w - f = f + u, 5*w = -2*f + 2813. Is w a prime number?
True
Let g = -27 - -43. Let b be (-10)/(-45) - g/(-9). Suppose 0 = -b*u - 3*u + 1335. Is u a composite number?
True
Let q = 24812 - 11163. Is q a composite number?
False
Suppose 16*u = -u + 7480. Suppose w = 4*f - u - 321, -5*w + 15 = 0. Is f composite?
False
Let b(n) = 12*n + 6. Let z(a) = -25*a - 12. Let g(j) = -5*b(j) - 2*z(j). Is g(-14) composite?
True
Let p = -9 + 18. Let d be (p - (-4)/4)*1. Suppose -d*z + 332 = -6*z. Is z composite?
False
Let m = 13290 + -3509. Is m prime?
True
Let j(x) = -216*x. Let m be j(-3). Let w(q) = 2*q**2 + 69*q - 122. Let p be w(-36). Is m/14 - p/(-49) a prime number?
False
Suppose 8 = 3*j + 2. Suppose -2 = -3*f + 10. Suppose 6*q - 1058 = j*q - 2*k, -f*q - 4*k + 1064 = 0. Is q composite?
False
Let y be (-64)/(-6) + 2/6. Let c = -7 + y. Is (c/6)/((-18)/(-3105)) composite?
True
Suppose 4*z + 3 = -1, 0 = a - 4*z - 483. Is a a composite number?
False
Let f(b) = 4*b + 1151. Let n(s) = s**3 + 5*s**2 + s + 5. Let z be n(-5). Is f(z) prime?
True
Suppose -292929 = -8*j - 50617. Is j a composite number?
True
Is -8*3/(-18) + 7853950/150 composite?
False
Let f(n) = 9*n + n**2 - 10 - 5*n - 8*n - 3*n. Let p be f(8). Let t(x) = -87*x**3 + 2*x**2 - x + 1. Is t(p) composite?
True
Let y(i) be the second derivative of -i**3/6 + 4*i**2 + 3*i. Let b be y(5). Suppose -b*a + 911 